ndred thousands digit of 2218423341?
4
What is the tens digit of 496879977?
7
What is the hundred thousands digit of 110850817?
8
What is the millions digit of 1404916802?
4
What is the ten thousands digit of 1649301618?
0
What is the hundreds digit of 395020756?
7
What is the hundred thousands digit of 851778871?
7
What is the millions digit of 700229238?
0
What is the thousands digit of 29895925?
5
What is the ten millions digit of 240611692?
4
What is the tens digit of 7727712502?
0
What is the tens digit of 289165762?
6
What is the tens digit of 56566766?
6
What is the hundred thousands digit of 103238571?
2
What is the ten millions digit of 766303440?
6
What is the hundred thousands digit of 143617544?
6
What is the hundreds digit of 141757775?
7
What is the hundred thousands digit of 886177988?
1
What is the thousands digit of 944264817?
4
What is the hundreds digit of 34991194?
1
What is the thousands digit of 644767794?
7
What is the units digit of 45910823?
3
What is the millions digit of 679803463?
9
What is the tens digit of 126501976?
7
What is the hundred thousands digit of 974350931?
3
What is the tens digit of 33397853?
5
What is the tens digit of 4504174958?
5
What is the hundred thousands digit of 165337095?
3
What is the units digit of 2726151151?
1
What is the hundred thousands digit of 2013125703?
1
What is the hundred thousands digit of 1987980076?
9
What is the ten thousands digit of 57113877?
1
What is the ten thousands digit of 1228665072?
6
What is the millions digit of 710856868?
0
What is the hundred thousands digit of 66183236?
1
What is the hundred millions digit of 360642405?
3
What is the thousands digit of 96023618?
3
What is the units digit of 3967493957?
7
What is the thousands digit of 48917923?
7
What is the hundred thousands digit of 44457469?
4
What is the ten millions digit of 87496377?
8
What is the units digit of 1790013486?
6
What is the ten millions digit of 153007132?
5
What is the ten thousands digit of 304036859?
3
What is the tens digit of 1257338?
3
What is the millions digit of 315196554?
5
What is the hundred thousands digit of 46873884?
8
What is the tens digit of 1513971973?
7
What is the tens digit of 374003028?
2
What is the units digit of 231509900?
0
What is the hundred thousands digit of 886153553?
1
What is the hundreds digit of 616695800?
8
What is the ten thousands digit of 51759661?
5
What is the thousands digit of 4914446329?
6
What is the tens digit of 293393333?
3
What is the thousands digit of 299108545?
8
What is the ten thousands digit of 222927725?
2
What is the tens digit of 195528098?
9
What is the hundred thousands digit of 35826750?
8
What is the millions digit of 2452860150?
2
What is the units digit of 44776655?
5
What is the hundreds digit of 16112553?
5
What is the millions digit of 123713276?
3
What is the thousands digit of 19978749?
8
What is the millions digit of 21588878?
1
What is the hundreds digit of 291090901?
9
What is the millions digit of 60016854?
0
What is the hundreds digit of 67157126?
1
What is the hundreds digit of 156366090?
0
What is the millions digit of 481016346?
1
What is the hundred millions digit of 168076668?
1
What is the ten thousands digit of 1784176821?
7
What is the ten thousands digit of 44205288?
0
What is the ten millions digit of 1573185919?
7
What is the units digit of 563394718?
8
What is the tens digit of 55851829?
2
What is the hundreds digit of 12604329?
3
What is the hundreds digit of 167984195?
1
What is the billions digit of 2879164838?
2
What is the tens digit of 5156639934?
3
What is the ten thousands digit of 217555954?
5
What is the millions digit of 1591067234?
1
What is the millions digit of 2413137?
2
What is the ten millions digit of 657613528?
5
What is the ten thousands digit of 1675922393?
2
What is the ten millions digit of 381436461?
8
What is the tens digit of 25857672?
7
What is the ten millions digit of 717754280?
1
What is the millions digit of 1317607204?
7
What is the millions digit of 402246003?
2
What is the tens digit of 117336719?
1
What is the units digit of 99065442?
2
What is the units digit of 740428109?
9
What is the ten millions digit of 1437523049?
3
What is the tens digit of 2221983560?
6
What is the thousands digit of 175148850?
8
What is the hundred thousands digit of 26691860?
6
What is the units digit of 3007833710?
0
What is the hundred thousands digit of 27187250?
1
What is the units digit of 602654602?
2
What is the ten millions digit of 280471644?
8
What is the hundred thousands digit of 58065442?
0
What is the tens digit of 132310865?
6
What is the thousands digit of 85005736?
5
What is the hundred millions digit of 340482760?
3
What is the thousands digit of 240701043?
1
What is the thousands digit of 24154739?
4
What is the thousands digit of 83797123?
7
What is the units digit of 3732029836?
6
What is the tens digit of 47090387?
8
What is the ten millions digit of 26570299?
2
What is the hundred millions digit of 129842561?
1
What is the hundreds digit of 807937186?
1
What is the tens digit of 2566971483?
8
What is the hundreds digit of 148241194?
1
What is the ten millions digit of 823238107?
2
What is the hundred thousands digit of 18882041?
8
What is the hundred millions digit of 896161966?
8
What is the hundreds digit of 1483033344?
3
What is the thousands digit of 20372821?
2
What is the thousands digit of 371842256?
2
What is the tens digit of 15636208?
0
What is the hundreds digit of 33922639?
6
What is the tens digit of 191644980?
8
What is the thousands digit of 85504017?
4
What is the thousands digit of 33431013?
1
What is the thousands digit of 67345966?
5
What is the ten thousands digit of 556519181?
1
What is the thousands digit of 984419117?
9
What is the thousands digit of 171011076?
1
What is the ten thousands digit of 56361214?
6
What is the units digit of 54526568?
8
What is the hundred thousands digit of 61237153?
2
What is the units digit of 54071419?
9
What is the millions digit of 545450827?
5
What is the millions digit of 126802669?
6
What is the tens digit of 1618149234?
3
What is the hundred millions digit of 1406796264?
4
What is the hundred thousands digit of 300931544?
9
What is the hundred millions digit of 1869169897?
8
What is the thousands digit of 1086273618?
3
What is the ten millions digit of 2818447144?
1
What is the hundreds digit of 3604757217?
2
What is the hundred thousands digit of 232870885?
8
What is the ten thousands digit of 1004849?
0
What is the hundred thousands digit of 24988130?
9
What is the millions digit of 215044808?
5
What is the millions digit of 134173839?
4
What is the tens digit of 702088616?
1
What is the ten millions digit of 27508913?
2
What is the ten millions digit of 59031247?
5
What is the ten millions digit of 2934440248?
3
What is the tens digit of 967522108?
0
What is the billions digit of 5017732045?
5
What is the hundred millions digit of 114354238?
1
What is the units digit of 110949425?
5
What is the millions digit of 106871171?
6
What is the tens digit of 8099775?
7
What is the tens digit of 61370791?
9
What is the tens digit of 485354094?
9
What is the millions digit of 1578778?
1
What is the millions digit of 163570362?
3
What is the ten thousands digit of 30217804?
1
What is the hundreds digit of 131932878?
8
What is the ten thousands digit of 82174214?
7
What is the tens digit of 5228433983?
8
What is the units digit of 61752262?
2
What is the tens digit of 443407552?
5
What is the ten thousands digit of 1079824172?
2
What is the millions digit of 119739124?
9
What is the hundreds digit of 2497958493?
4
What is the thousands digit of 23618488?
8
What is the units digit of 671589585?
5
What is the tens digit of 834087167?
6
What is the millions digit of 76938124?
6
What is the hundred thousands digit of 1126781805?
7
What is the tens digit of 27961262?
6
What is the hundred thousands digit of 63012489?
0
What is the hundreds digit of 730112090?
0
What is the thousands digit of 19360716?
0
What is the hundred thousands digit of 1383430557?
4
What is the hundreds digit of 122781110?
1
What is the tens digit of 48999007?
0
What is the tens digit of 3585271912?
1
What is the tens digit of 375255402?
0
What 